{"id":223,"date":"2012-11-01T13:01:18","date_gmt":"2012-11-01T13:01:18","guid":{"rendered":"http:\/\/projects.handsupfortrad.scot\/hall-of-fame\/?page_id=223"},"modified":"2013-01-08T09:48:25","modified_gmt":"2013-01-08T09:48:25","slug":"morag-macleod","status":"publish","type":"page","link":"https:\/\/projects.handsupfortrad.scot\/hall-of-fame\/morag-macleod\/","title":{"rendered":"Morag Macleod"},"content":{"rendered":"<p><em><a href=\"http:\/\/projects.handsupfortrad.scot\/hall-of-fame\/files\/2012\/11\/MoragMacleod.jpg\"><img loading=\"lazy\" decoding=\"async\" class=\"alignright size-medium wp-image-224\" title=\"MoragMacleod\" src=\"http:\/\/projects.handsupfortrad.scot\/hall-of-fame\/files\/2012\/11\/MoragMacleod-199x300.jpg\" alt=\"\" width=\"199\" height=\"300\" srcset=\"https:\/\/projects.handsupfortrad.scot\/hall-of-fame\/files\/2012\/11\/MoragMacleod-199x300.jpg 199w, https:\/\/projects.handsupfortrad.scot\/hall-of-fame\/files\/2012\/11\/MoragMacleod.jpg 287w\" sizes=\"auto, (max-width: 199px) 100vw, 199px\" \/><\/a>Arthur Cormack&#8217;s introduction at the 2007 Scots Trad Music Awards<\/em><\/p>\n<p>\u2018S e urram dha-r\u00ecreabh a tha seo dhomhsa a bhith a\u2019 seasamh air ur beulaibh airson luaidh a thoirt air beatha-obrach an t\u00e8 a tha a\u2019 faighinn na duais mar chuimhneachan air Hamish MacEanruig am bliadhna, agus gu dearbh an cothrom a ghabhail duais a thoirt seachad do bhoireannach a tha s\u00f2nraichte ann an iomadh d\u00f2igh agus air a bheil mi fh\u00ecn air leth measail.<\/p>\n<p>Ged a tha mi air a bhith e\u00f2lach oirre fad iomadh bliadhna, an-uiridh fhuair mi an cothrom suidhe s\u00ecos agus barrachd e\u00f2lais a chur oirre nuair a bha sinn an-s\u00e0s c\u00f2mhla ann am pr\u00f2gram reidio a bha air a riochdachadh le M\u00e0iri-Anna NicUalraig.\u00a0 Chuir sinn seachad d\u00e0 uair a th\u00ecde a\u2019 bruidhinn ri c\u00e0ch a-ch\u00e8ile mu dheidhinn a bhith cruinneachadh \u00f2rain, mu na d\u00f2ighean anns an gabhadh sin a dh\u00e8anadh gu h-\u00e8ifeachdach, agus mun sp\u00e8is a bu ch\u00f2ir a bhith aig seinneadairean agus luchd-ci\u00f9il dhan ghinealach a dh\u2019fhalbh agus an d\u00ecleab a dh\u2019fh\u00e0g iad as an d\u00e8idh.<\/p>\n<p>Cha do dh\u2019fhairich mise an \u00f9ine a\u2019 dol seachad idir &#8211; ged is d\u00f2cha gun do dh\u2019fharich ise an \u00f9ine fada &#8211; ach nuair a chuala mi gun robh ainm an t\u00e8 seo air a chur air adhart airson na duais seo, cha b\u2019urrainn dhomh smaoineachadh air neach na b\u2019fhe\u00e0rr agus i air leth airidh air an urram sh\u00f2nraichte a tha seo.<\/p>\n<p>The recipient of this year\u2019s Hamish Henderson Award for Services to Traditional Music is a lady to whom it is difficult for me to pay adequate tribute.\u00a0 Among Gaelic singers she is legendary as a fountain of knowledge.\u00a0 She is a lady whom I have always admired and respected, and who has given the major part of her life over to preserving, for posterity, the songs, conversations and stories of a great many people regarded as the real tradition bearers of the Highlands &amp; Islands.\u00a0 She has a rich knowledge of Gaelic song and story-collecting from the islands, in particular, and worked alongside other well-known figures in that field such as the late Donald Archie MacDonald, whose widow Agnes is with us tonight, the Rev William Matheson, Alan Bruford, Torquil Knudsen (Kanudsen), Peter Cook, Dr John MacInnes and Hamish Henderson himself.<\/p>\n<p>She was born in Scalpay, Harris and educated at the primary school there before going to Inverness, where she attended the Inverness Royal Academy.\u00a0 She graduated with a Master of Arts degree from the University of Edinburgh and after a spell of uncertificated teaching, she began as a texts transcriber at the School of Scottish Studies in 1962 before going to Jordanhill College of Education in 1963 to train as a teacher.\u00a0 She returned to the School of Scottish Studies as music transcriber in 1964 and remained there for the best part of the next 37 years, apart from a year\u2019s teaching in Jordanhill and a 3-year secondment to the Van Leer Project &#8211; a community development project &#8211; with which she worked in her native Harris.\u00a0 Latterly she was a Senior Lecturer at the School of Scottish Studies, where she specialised in Gaelic Song.<\/p>\n<p>Among the people whose material she transcribed, or collected, is a veritable \u2018who\u2019s who\u2019 of Gaelic tradition bearers &#8211; Ciorstaidh Shaw, Alasdair Boyd, Lexy Campbell, Kate Buchanan, Flora Boyd, Kate MacDonald (Bean Eardsaidh Raghnaill, mother of Rona Lightfoot) and Calum Johnstone.<\/p>\n<p>During her time at the School she was very much involved in the preparation of the Gaelic recordings in the \u2018Scottish Tradition\u2019 series of CDs released by Greentrax, and two releases stand out for me in which this lady\u2019s involvement was absolutely key.\u00a0 The CD of the Rev William Matheson, which has become a must for anyone seriously interested in Gaelic song; and the release of songs recorded by the late Joan Mackenzie &#8211; Seonag NicChoinnich &#8211; who sadly died earlier this year.\u00a0 She succeeded the late Dr Alan Bruford as editor of the magazine \u2018Tocher\u2019, which has given so many people an insight into what is contained within the archives of the School of Scottish Studies.\u00a0 She wrote a chapter on Gaelic song in the book \u2018The Folk Music Revival in Scotland\u2019 on which she collaborated with Ailie Munro.\u00a0 For many years she helped An Comunn G\u00e0idhealach choose songs &#8211; the prescribed pieces &#8211; for the National M\u00f2d as a member of the M\u00f2d Music Committee, where she put in a power of work re-notating a great many of them to ensure that the notation adequately reflected the natural rhythms and stresses of the Gaelic language.\u00a0 Over the years she has regularly worked with the BBC on programmes illustrating the materials in the School of Scottish Studies archives, and as an occasional presenter of programmes such as \u2018An t-\u00d2ranaiche\u2019.\u00a0 She\u2019s even had the dubious privilege of driving Irish and Scottish musicians, singers and poets round the country in a mini-bus on biennial bardic tours!<\/p>\n<p>She says she has retired and has gone back to live in Scalpay.\u00a0 But she continues to contribute greatly to this hugely important work, still involved in editing \u2018Tocher\u2019 and still involved in the preparation of the \u2018Scottish Tradition\u2019 series of recordings.\u00a0 For a number of years she has been involved &#8211; along with Cailean Maclean &#8211; in putting together annual showcases of various aspects of Gaelic culture for the Gaelic Society of Inverness, and the significant thing about those nights is that they are entirely in Gaelic.\u00a0 Her work also continues in cataloguing material for Tobar an Dualchais, the major digitisation project that will, through time, make the archives of the School of Scottish Studies, the BBC and John Lorne Campbell\u2019s Canna Collection available to all.\u00a0 After having been closely involved in placing collected material in the archive, she is now going to see it coming out the other end and being made readily available for the first time.\u00a0 A hugely important project that will benefit immeasurably from this lady\u2019s involvement.\u00a0 And she has unfinished business in that she wants to see through a commission she was given to compile and publish a collection of Gaelic songs, and I\u2019m salivating at the thought of that one!<\/p>\n<p>From a clearly musical family &#8211; her late brother Angus having been one of the most popular Gaelic singers ever &#8211; she is no mean singer herself and has been involved in leading workshops where she has imparted some of the songs, and stories associated with them, that she has amassed over the years.\u00a0 She has a particularly special knowledge of waulking songs and lullabies and I personally have benefited from having taken part in workshops that she has led and enjoyed every minute of my time in them.\u00a0 Never one to shy away from expressing an opinion, she is nonetheless a very funny and, at times, gracious lady.<\/p>\n<p>The Scots Trad Music Awards are often about celebrating the success of the artists who are out there performing songs and tunes.\u00a0 But without the work of the people who preserved the tradition so that the rest of us could continue to enjoy it for generations to come, Scottish culture would be much worse off and those performers would have fewer songs to sing.<\/p>\n<p>Tradition evolves and is still alive and well, albeit different, and it is particularly fitting that in 2007 \u2013 the year that Scotland Celebrates Highland Culture &#8211; this award is going to a Gael, and one who has done so much to bring the culture of the Highlands &amp; Islands to so many, probably without them even realising the role this special lady has played.\u00a0 Her contribution has often been unseen, but has not been unnoticed or forgotten, and I am delighted to announce that the Hamish Henderson Award for Services to Traditional Music goes to an extremely worthy recipient &#8211; Morag MacLeod.<\/p>\n","protected":false},"excerpt":{"rendered":"<p>Arthur Cormack&#8217;s introduction at the 2007 Scots Trad Music Awards \u2018S e urram dha-r\u00ecreabh a tha seo dhomhsa a bhith a\u2019 seasamh air ur beulaibh airson luaidh a thoirt air beatha-obrach an t\u00e8 a tha a\u2019 faighinn na duais mar chuimhneachan air Hamish MacEanruig am bliadhna, agus gu dearbh an cothrom a ghabhail duais a [&hellip;]<\/p>\n","protected":false},"author":1,"featured_media":0,"parent":0,"menu_order":0,"comment_status":"closed","ping_status":"closed","template":"sidebar-page.php","meta":{"_genesis_hide_title":false,"_genesis_hide_breadcrumbs":false,"_genesis_hide_singular_image":false,"_genesis_hide_footer_widgets":false,"_genesis_custom_body_class":"","_genesis_custom_post_class":"","_genesis_layout":"","footnotes":""},"class_list":{"0":"post-223","1":"page","2":"type-page","3":"status-publish","5":"entry","6":"has-post-thumbnail"},"_links":{"self":[{"href":"https:\/\/projects.handsupfortrad.scot\/hall-of-fame\/wp-json\/wp\/v2\/pages\/223","targetHints":{"allow":["GET"]}}],"collection":[{"href":"https:\/\/projects.handsupfortrad.scot\/hall-of-fame\/wp-json\/wp\/v2\/pages"}],"about":[{"href":"https:\/\/projects.handsupfortrad.scot\/hall-of-fame\/wp-json\/wp\/v2\/types\/page"}],"author":[{"embeddable":true,"href":"https:\/\/projects.handsupfortrad.scot\/hall-of-fame\/wp-json\/wp\/v2\/users\/1"}],"replies":[{"embeddable":true,"href":"https:\/\/projects.handsupfortrad.scot\/hall-of-fame\/wp-json\/wp\/v2\/comments?post=223"}],"version-history":[{"count":5,"href":"https:\/\/projects.handsupfortrad.scot\/hall-of-fame\/wp-json\/wp\/v2\/pages\/223\/revisions"}],"predecessor-version":[{"id":789,"href":"https:\/\/projects.handsupfortrad.scot\/hall-of-fame\/wp-json\/wp\/v2\/pages\/223\/revisions\/789"}],"wp:attachment":[{"href":"https:\/\/projects.handsupfortrad.scot\/hall-of-fame\/wp-json\/wp\/v2\/media?parent=223"}],"curies":[{"name":"wp","href":"https:\/\/api.w.org\/{rel}","templated":true}]}}