{"id":1838,"date":"2015-09-04T11:05:04","date_gmt":"2015-09-04T10:05:04","guid":{"rendered":"http:\/\/projects.handsupfortrad.scot\/hall-of-fame\/?page_id=1838"},"modified":"2015-09-15T16:06:00","modified_gmt":"2015-09-15T15:06:00","slug":"john-seonaidh-beag-macmillan","status":"publish","type":"page","link":"https:\/\/projects.handsupfortrad.scot\/hall-of-fame\/john-seonaidh-beag-macmillan\/","title":{"rendered":"John \u201cSeonaidh Beag\u201d Macmillan"},"content":{"rendered":"<p><a href=\"http:\/\/projects.handsupfortrad.scot\/hall-of-fame\/files\/2015\/09\/Seonaidh-MacMillan-family.jpg\"><img loading=\"lazy\" decoding=\"async\" class=\"alignright size-medium wp-image-1820\" src=\"http:\/\/projects.handsupfortrad.scot\/hall-of-fame\/files\/2015\/09\/Seonaidh-MacMillan-family-200x300.jpg\" alt=\"Seonaidh MacMillan family\" width=\"200\" height=\"300\" srcset=\"https:\/\/projects.handsupfortrad.scot\/hall-of-fame\/files\/2015\/09\/Seonaidh-MacMillan-family-200x300.jpg 200w, https:\/\/projects.handsupfortrad.scot\/hall-of-fame\/files\/2015\/09\/Seonaidh-MacMillan-family-683x1024.jpg 683w, https:\/\/projects.handsupfortrad.scot\/hall-of-fame\/files\/2015\/09\/Seonaidh-MacMillan-family.jpg 800w\" sizes=\"auto, (max-width: 200px) 100vw, 200px\" \/><\/a>JOHN Macmillan, widely known as \u201cSeonaidh Beag\u201d, is the Harris Tweed weaver from Lewis who, with his brother Angus and Donnie \u201cGazette\u201d Macinnes, formed a trio to enter the newly created folk group competition at the 1968 National M\u00f2d. Little did they realise that they would still be singing half a century later and that their Gaelic songs would take them on to major festival stages, winning them the reputation of an early Gaelic supergroup.<\/p>\n<p>John, who retired in 2014 after more than 50 years at the loom, was born and grew up in the village of Lemreway in the Lochs district of Lewis, one of the six children \u2013 five boys and a girl \u2013 of John and Jane Anne Macmillan. The family was steeped in Gaelic culture and music. During the winter months, the five schools in the area would take turns at holding a ceilidh, attended by local singers and melodeon players, and it was in such an event that John first sang in public.<\/p>\n<p>It was in the late 1950s, however, that things really took off for him in the singing stakes: his first time singing \u201caway\u201d was in Tarbert, Harris. After that, he recalls, \u201cthere was hardly a Friday night that I wasn\u2019t singing in some hall or other, from Ness at the Butt of Lewis to Leverburgh in Harris\u201d.<\/p>\n<p>He sang Hank Williams songs, which were particularly popular at the time, with his brother Angus accompanying him on guitar, while for Gaelic repertoire they looked to the stars of the day, such as Calum Kennedy and Donald Macrae \u2013 both of whom hailed from nearby villages in the Lochs district.<\/p>\n<p>It was in the summer of 1968 that Seonaidh formed the Lochies with Angus and their friend Donnie \u201cGazette\u201d Macinnes, simply with a view to competing in the M\u00f2d at Dunoon later in the year. Already meeting regularly to perform their country and western and Gaelic songs, they were also members of the Lochs Gaelic Choir, with whom they had already competed at the M\u00f2d, so the idea of entering again as a Gaelic folk trio seemed a natural progression.<\/p>\n<p>The new trio won the newly created folk group class, which brought them to the notice of David Silver of Bluebell Records, with whom they made their first LP, Westerly Gaels, in 1972. Six more albums would follow on \u2013 Lewis Folk, Home to Lewis, North by North West, Slainte Math, (all with Lismore, produced by Silver), Lewisbound, produced by Noel Eadie at croft records and finally, in 1998, Tir Aluinn with Smith\/Mearns Recordings.<\/p>\n<p>Their popular songs included Mairi Bhan, Oran na Hiortaich \u2013 \u201cThe St Kildans&#8217; Song\u201d, the poignant Deireadh Forladh, 1940, about the young islanders who went off to war, and appropriately for Seaonaidh, Oran Na Beairt\u00a0, \u201cThe Song of the Loom\u201d. They also sang Sgaoth Sgadain, a Gaelic translation of Ewan MacColl\u2019s well known Shoals of Herring.<\/p>\n<p>While they were productive in terms of album releases throughout the Seventies and drew crowds for concerts across the country, the logistics became increasingly difficult as, while John and Donnie were still based in Lewis, Angus\u2019s work took him to Newcastle and then to Dumfries: \u201cIt was always a struggle to get together for these events and get adequate rehearsal time,\u201d he remembers. \u201cA lot of material was learned by exchanging tapes, again and again, or by singing over the phone.\u201d<\/p>\n<p>When they recorded, they also made a point of seeking out fresh and previously unrecorded material: \u201cthere was a tendency at the time for singers recording in Gaelic to re-do material that was already firmly established in the body of Gaelic song, so numerous versions of the same song would be heard on the airwaves. A further issue was that the writers of these songs would often set their material to well-known and established melodies, somewhat diminishing their own original work, lessening its impact.<\/p>\n<p>\u201cWe were fortunate in being able to source substantial amounts of unrecorded material and also in being given the freedom to set others\u2019 writings to our own new melodies.\u201d<\/p>\n<p>John composed new tunes for numerous songs on their albums, including Graidh n h-oige, Seoladh Dhachaidh, Comhairle don t-seaganach, as well as for the St Kilda song.<\/p>\n<p>The Lochies won new fans and delighted their old ones when they performed a \u201ccomeback\u201d concert at Glasgow\u2019s Gaelic cultural hub, Ce\u00f2l \u2018s Craic , in November 2012, and subsequently at the Hebridean Celtic Festival in Stornoway and at Inverness last year, selling out the venues each time.<\/p>\n<p>The music gene is strong in the Macmillan family. Back in the Seventies, it was at one of those many island ceilidhs that he met his wife, Etta, who was a member of the Eileanaich Drama Group which was performing at it. They married in 1975 and all their four children are musical, notably Calum Alex Macmillan, who has made a reputation for himself as a singer and piper, winning both Gold and Traditional singing medals at the National M\u00f2d and playing and singing in the groups D\u00e0imh, Na Se\u00f2id and Marloch. John was able to join Calum Alex on his first solo album, Taladh nan Cuantan, in 2005.<\/p>\n<p>John was also involved in Calum Martin\u2019s Gaelic psalm recording project, Salm, and has taught widely \u2013 not least helping his grandchildren prepare for m\u00f2ds and local ceilidhs, as well as tutoring over the years at his local f\u00e8is, F\u00e8is Eilean an Fraoich. He was also involved in the Scots-Irish song festival, F\u00e8is nan \u00d2ran, on the Isle of Skye.<\/p>\n<p>His singing, he says, has taken him to places he would never have visited otherwise, with he and Calum Alex performing together at the Blas Highland festival and HebCelt and crossing the Atlantic for the renowned Celtic Colours Festival in Cape Breton, Nova Scotia: \u201cI will never forget our trip to Cape Breton. Etta joined us for the trip, and we met so many people who had their roots in the Highlands and Islands that we really felt at home with them there.\u201d<\/p>\n<p>Written by Jim Gilchrist 2015<\/p>\n","protected":false},"excerpt":{"rendered":"<p>JOHN Macmillan, widely known as \u201cSeonaidh Beag\u201d, is the Harris Tweed weaver from Lewis who, with his brother Angus and Donnie \u201cGazette\u201d Macinnes, formed a trio to enter the newly created folk group competition at the 1968 National M\u00f2d. Little did they realise that they would still be singing half a century later and that [&hellip;]<\/p>\n","protected":false},"author":2,"featured_media":1964,"parent":0,"menu_order":0,"comment_status":"closed","ping_status":"closed","template":"","meta":{"_genesis_hide_title":false,"_genesis_hide_breadcrumbs":false,"_genesis_hide_singular_image":false,"_genesis_hide_footer_widgets":false,"_genesis_custom_body_class":"","_genesis_custom_post_class":"","_genesis_layout":"","footnotes":""},"class_list":{"0":"post-1838","1":"page","2":"type-page","3":"status-publish","4":"has-post-thumbnail","6":"entry"},"_links":{"self":[{"href":"https:\/\/projects.handsupfortrad.scot\/hall-of-fame\/wp-json\/wp\/v2\/pages\/1838","targetHints":{"allow":["GET"]}}],"collection":[{"href":"https:\/\/projects.handsupfortrad.scot\/hall-of-fame\/wp-json\/wp\/v2\/pages"}],"about":[{"href":"https:\/\/projects.handsupfortrad.scot\/hall-of-fame\/wp-json\/wp\/v2\/types\/page"}],"author":[{"embeddable":true,"href":"https:\/\/projects.handsupfortrad.scot\/hall-of-fame\/wp-json\/wp\/v2\/users\/2"}],"replies":[{"embeddable":true,"href":"https:\/\/projects.handsupfortrad.scot\/hall-of-fame\/wp-json\/wp\/v2\/comments?post=1838"}],"version-history":[{"count":1,"href":"https:\/\/projects.handsupfortrad.scot\/hall-of-fame\/wp-json\/wp\/v2\/pages\/1838\/revisions"}],"predecessor-version":[{"id":1839,"href":"https:\/\/projects.handsupfortrad.scot\/hall-of-fame\/wp-json\/wp\/v2\/pages\/1838\/revisions\/1839"}],"wp:featuredmedia":[{"embeddable":true,"href":"https:\/\/projects.handsupfortrad.scot\/hall-of-fame\/wp-json\/wp\/v2\/media\/1964"}],"wp:attachment":[{"href":"https:\/\/projects.handsupfortrad.scot\/hall-of-fame\/wp-json\/wp\/v2\/media?parent=1838"}],"curies":[{"name":"wp","href":"https:\/\/api.w.org\/{rel}","templated":true}]}}